 s(o) = -1 - 4 - 10 - 7*o - 10 + 2. Determine s(-3).
-2
Let p(g) = -7*g**2 - g - 8. Let u(z) = 15*z**2 + z + 16. Let j = 24 - -82. Let i = j + -119. Let c(t) = i*p(t) - 6*u(t). Determine c(-6).
2
Let p(f) = 59*f - 152*f - 4 + 75*f + 51*f - 1. Determine p(-2).
-71
Suppose -39*m = 18*m - 27*m + 40*m. Suppose 0 = -c - 0*c - 2*b + 21, -c + 2*b = -1. Let x(f) = 0 - 1 - c - f. What is x(m)?
-12
Let x(v) = v**3 - v**2 - 9*v - 1. Let b(u) = -3*u. Let a(g) = 2*b(g) - x(g). Let y(h) = h**3 - 15*h**2 - 19*h - 12. Let z(t) = 2*a(t) + y(t). What is z(-12)?
2
Let c(g) = g**2 - 10*g + 4. Let f = -56 - -60. Let v = f - 6. Let l be 2/4*22 + 4/v. What is c(l)?
-5
Let a = -1940 + 1939. Let w(y) be the first derivative of -3*y**2 - 2*y + 77. Determine w(a).
4
Let m(h) be the third derivative of -h**3 + h**2 + 0*h + 1/60*h**5 + 1/4*h**4 + 11. What is m(-6)?
-6
Let o(v) be the third derivative of 1/4*v**4 + 0*v + 0 + 3/2*v**3 + 1/60*v**5 + 70*v**2. Calculate o(-6).
9
Let i(o) = -3*o + 6*o - 2*o. Let v(c) = -3*c**3 + 18*c**2 - 3*c + 13. Suppose -14*g = -10 - 74. Let w be v(g). Calculate i(w).
-5
Let c(z) = -3*z + 27. Let m(s) = -81*s + 460. Let i(p) = -9*c(p) + m(p). Give i(4).
1
Let f(g) be the third derivative of 0*g + 0 + 7/6*g**3 - 194*g**2 + 1/12*g**4. What is f(-5)?
-3
Let a(m) = -23*m**2 + 42*m. Let t(g) = 8*g**2 - 15*g. Let f(k) = 6*a(k) + 17*t(k). Let u(w) = 3*w**2 + w - 1. Let d be u(1). Give f(d).
-27
Let c = 5742 - 5737. Let h(a) = -5*a + 22. What is h(c)?
-3
Let v(w) be the third derivative of -w**5/30 - 5*w**4/24 - 7*w**3/6 - 10*w**2. Suppose 275 = -67*d + 12*d. Determine v(d).
-32
Let h(u) = -u**3 - 18*u**2 + 20*u + 7. Suppose 2*f - 75 = 5*j + 18, 4*j + 79 = -3*f. Give h(j).
-12
Let o(c) = -17*c**2 - 32*c + 71. Let k(q) = 24*q**2 + 52*q - 107. Let l(r) = -5*k(r) - 7*o(r). What is l(-37)?
1
Let d(x) be the second derivative of x**5/20 + x**4/2 - 7*x**3/6 - 2*x**2 + x - 28. Suppose 0 = 5*s + 5, -25 = 2*g + g + 4*s. Determine d(g).
-4
Suppose -4*r - 2*b - 39 = 15, 5*b = 5. Let t(f) = -5*f - 7. What is t(r)?
63
Let h(a) = -a**3 + a**2 - 5 + 4 + 63*a - 65*a. Let m(d) = 9*d**2 - 9*d**2 + 2 + 2*d**2 - 2*d. Let o be m(1). Determine h(o).
-9
Let j(d) = -10*d**2 - d + 1. Let o(c) = c**2 - c. Let u(l) = j(l) - 3*o(l). Suppose -9*g + g = -264. Suppose 1 = g*f - 34*f. What is u(f)?
-14
Let c(f) = -10*f**2 + 2*f + 4. Suppose -2*p + 21*h - 25*h = 16, 0 = -2*p - 5*h - 19. What is c(p)?
-40
Let c(y) = 42*y**2 + 60 - 2 - 9*y - 43*y**2. Let l be c(-13). Let r(w) = 1. Let x(v) = -2*v + 1. Let g(d) = -2*r(d) + x(d). Give g(l).
-13
Let o(r) be the second derivative of -11/20*r**5 + 0*r**3 - 7 + 0*r**2 + 0*r**4 - 2*r. What is o(1)?
-11
Let m(u) be the third derivative of u**8/20160 - u**7/2520 + u**6/360 + 19*u**5/15 + 137*u**2. Let q(j) be the third derivative of m(j). Calculate q(6).
26
Let k be (-4)/18 - (14/(-126))/(6/(-1122)). Let i(x) = x**3 + 23*x**2 + 44*x + 15. Determine i(k).
-27
Let d(p) be the third derivative of -p**5/60 - 3*p**4/4 - 9*p**3/2 + 3*p**2 - 454*p. Give d(-17).
-10
Suppose -3*i = -4*d + 2, 0 = -7*d + 2*d + 5*i. Suppose 11*y = 9*y, -3*b - d*y = 0. Let n(k) = -k - 4. Calculate n(b).
-4
Let v(p) = 3*p**2 + 50*p - 4. Let a(q) = q**2 + 18*q - 1. Let r(j) = -8*a(j) + 3*v(j). Suppose 6*k - 20 = 10*k. Give r(k).
-9
Let z(m) be the third derivative of -m**2 + 0 - m**3 + 1/8*m**4 + 0*m. Suppose 5527*x - 4 = 5526*x. Calculate z(x).
6
Let w(y) = -y - 11. Let d(x) be the first derivative of x - 5. Let b be (-2)/(-4) + 90/20 + -7. Let u(v) = b*d(v) - w(v). Calculate u(-6).
3
Let c(r) = 399*r - 1904. Let p(v) = -20*v + 96. Let y(a) = -6*c(a) - 119*p(a). Determine y(-1).
14
Let l(y) = -y - 6. Let r(d) = d**2 + 10*d + 18. Let m(a) = 2*l(a) + r(a). Determine m(-7).
-1
Suppose -3*h = 5*d + 120, -15*d + 13*d = -h + 48. Let b(u) = u**2 + 26*u + 15. Determine b(d).
-33
Let i(v) = 3938 - 7858 + 3924 - 50*v. What is i(1)?
-46
Suppose -330 = 340*p - 274*p. Let t(r) = 4*r + 24. Give t(p).
4
Let v(a) be the first derivative of 1/2*a**2 - 7*a - 48. Determine v(7).
0
Let v(w) = 2*w**2 + 14*w + 2. Suppose 21 - 39 = -18*a. Let l be -5 + a*(-5 + -2 + 6). Determine v(l).
-10
Let a = -2 - 4. Let f(x) be the first derivative of -7/2*x**2 + 5/3*x**3 + 1/4*x**4 + 3*x + 2. Give f(a).
9
Let x be ((-10)/4)/(1/2). Suppose 0 = 55*o - 47*o - 16. Let z(m) = 9088 - 4545 + o*m**2 - 4540 + 6*m - m**2. Give z(x).
-2
Let j(n) be the second derivative of n**3/6 - 11*n**2 - 32*n - 50. What is j(10)?
-12
Suppose 459 + 238 = -28*w - 13*w. Let z(g) = g**3 + 18*g**2 + 21*g + 25. Give z(w).
-43
Let w(o) be the third derivative of -o**6/120 - o**5/30 + o**4/24 - 2*o**3/3 - 45*o**2. Let x be w(0). Let f(h) = h**3 + 3*h**2 - 6*h - 4. Calculate f(x).
4
Let o(p) = -11*p + 13. Suppose -28*g + 120 - 24 = 4*g. Determine o(g).
-20
Let w(s) = 2*s**3 + 2*s**2 + 3. Let v be ((-23 - -6)/(-17))/(1*2/6). Calculate w(v).
75
Let l(q) = q**3 - 14*q**2 + 26*q - 34. Suppose 116 = 22*u - 273 + 125. Calculate l(u).
-10
Suppose -12 = 3*c + 5*g - 40, 0 = c + g - 6. Let z be (c/(-2))/(24/336). Let h(j) be the second derivative of j**4/12 + 3*j**3/2 + 5*j**2 + j. Give h(z).
-4
Let g(t) be the third derivative of -46*t**2 + 0 + 0*t - 1/3*t**3 - 1/24*t**4. Let d = -3 + 2. What is g(d)?
-1
Let l(k) = -2*k**3 + k**2 + 26*k + 5. Suppose -85*r - 85*r + 178*r - 32 = 0. Calculate l(r).
-3
Let n = -565 - -567. Suppose 0 = -14*o + 16*o + 3*b + 6, 2*b + n = -o. Let u(p) = -p**2 - 3*p - 6. What is u(o)?
-24
Suppose 3*q + 4*c - 4 = 0, -36 + 32 = 2*q + 4*c. Let w(s) = s - 2. Let j(i) = 0 + 3 - 8 + 6. Let f(p) = 2*j(p) - w(p). Determine f(q).
-4
Suppose 12*l = 574 + 1814. Suppose 205 - l = z. Let i(c) = -3*c + 13. Calculate i(z).
-5
Let x(v) = v**2 - v + 3. Let j = -378 - -384. Suppose -39*c + j = -37*c. Determine x(c).
9
Let y(t) = -7*t**2 - t - 4. Let x(u) = u**2 + 41 - u**2 + 22 - 54 + 13*u**2 + 2*u. Suppose 0*g - 9 = -g. Let s(p) = g*y(p) + 4*x(p). What is s(-1)?
-10
Let n(f) = 68*f**3 + 11*f**2 + 3*f. Let r(l) = 23*l**3 + 4*l**2 + l. Let j(c) = 6*n(c) - 17*r(c). Let q = -11 + 14. Let g be 3 + (12/q)/(-2). Determine j(g).
16
Let a(l) = l**2 - l - 1. Let g(v) = 11*v**2 - 14*v + 62. Let n(f) = -13*a(f) + g(f). What is n(-6)?
9
Suppose -a + 69*m = 66*m - 8, -5*a - 14 = 3*m. Let s(d) = d**2 + 2*d - 2. Let i(j) = j - 2. Let y(n) = 5*i(n) - 4*s(n). Calculate y(a).
-3
Let f(i) = i**2 - 5*i - 1. Let n be f(4). Let p = -8 + 20. Let o(y) = 14*y - 16*y + 15 - p. Give o(n).
13
Let v(b) = -3*b - 9. Let f(y) = -4*y - 13. Let p(m) = 5*f(m) - 7*v(m). Let o be (25 + 37 - 25) + -25. What is p(o)?
10
Let f(u) be the second derivative of u + 5/6*u**3 + 1/12*u**4 - 1/2*u**2 + 0. Let w be -1 - (135/30 + (-6)/(-4) + -3). Give f(w).
-5
Let x be (117/(-195))/(6/(-5) - -1). Let i(y) = -2*y**x + y**3 - 10*y + 0*y**3 + 1 + 4*y**2 + 9*y. Let v = -25 - -28. Give i(v).
7
Let d = -13509 + 13503. Let b(l) = l**2 + 11*l - 4. Determine b(d).
-34
Let x(r) = 25*r**3 - 39*r**2 - 2*r + 1. Let g(h) = -59*h**3 + 79*h**2 + 5*h - 1. Let l(o) = -3*g(o) - 7*x(o). Determine l(-18).
14
Let p(u) = u**3 - 25*u**2 + u - 15. Let v(k) = -k**2 + 26*k - 135. Let z be v(10). What is p(z)?
10
Let w(l) = -l**3 - l**2 + 5*l + 14. Suppose -43 = 30*i + 34 + 13. Give w(i).
17
Suppose 133 = -10*x - 57. Let n(m) = -m**3 - 19*m**2 - m - 33. Calculate n(x).
-14
Let y(x) = -4*x - 17. Let t(v) = 2*v**3 + 19*v**2 - 13*v - 25. Let f be t(-10). Let o(u) = 6*u + 26. Let b(a) = f*o(a) + 7*y(a). Give b(-6).
-1
Let l(h) = h**2 + 2*h + 2. Let n(v) = -3*v - 1. Let x(y) = -l(y) + 2*n(y). Give x(-9).
-13
Let w(f) = 6*f - 5. Let r(j) = -2*j**2 - 12*j - 16. Suppose 4*m = 4*q - 12, 5*q - 23 = -m - 26. Let t be r(m). What is w(t)?
7
Suppose 24 + 2 = 5*l - 2*u, 5*l = 5*u + 20. Let z be (-6*(-2)/(-40))/((-2)/20). Let g(s) = -5*s**2 + 2*s + 0*s**2 - 8 + z*s - 10*s + 6*s**2. Determine g(l).
-2
Let x(z) = -43 + 20*z - 35*z - 558*z**2 + 557*z**2. Calculate x(-11).
1
Suppose -5*w + 2*h - 84 = 0, -3*w + 2*h - 52 = -0*w. Let j be (1 - 2)/(5 - w/(-3)). Let f(i) = i + 0*i**2 + 4 - i**3 + 4*i**2 - 5*i. Give f(j).
1
Let f(z) be the first derivative of z**4/4 + 4*z**3 - 5*z**2 + 2*z - 5738. Determine f(-13).
-37
Let s(h) be the third derivative of -h**5/6 + 5*h**4/24 + h**3/3 + 18*h**2 + 19. What is s(-2)?
-48
Let r(n) = n**2 - 2